{"id":704,"date":"2010-11-16T13:42:38","date_gmt":"2010-11-16T11:42:38","guid":{"rendered":"http:\/\/www.azelot.fr\/?page_id=704"},"modified":"2012-11-16T13:46:21","modified_gmt":"2012-11-16T11:46:21","slug":"votre-avis-nous-interesse","status":"publish","type":"page","link":"https:\/\/www.azelot.fr\/?page_id=704","title":{"rendered":"Votre avis nous int\u00e9resse"},"content":{"rendered":"<p>Ce site a pour vocation de pouvoir \u00e9galement \u00e9changer avec ses visiteurs. Si vous avez des suggestions \u00e0 faire, un avis \u00e0 donner ou message \u00e0 nous faire passer, cette page est faite pour cela. Vous pouvez laisser un commentaire et nous t\u00e2cherons d&rsquo;y r\u00e9pondre le plus rapidement possible.<\/p>\n","protected":false},"excerpt":{"rendered":"<p>Ce site a pour vocation de pouvoir \u00e9galement \u00e9changer avec ses visiteurs. Si vous avez des suggestions \u00e0 faire, un avis \u00e0 donner ou message \u00e0 nous faire passer, cette page est faite pour cela. Vous pouvez laisser un commentaire&#8230;<br \/><a class=\"read-more-button\" href=\"https:\/\/www.azelot.fr\/?page_id=704\">Savoir plus<\/a><\/p>\n","protected":false},"author":1,"featured_media":0,"parent":0,"menu_order":0,"comment_status":"open","ping_status":"open","template":"","meta":{"footnotes":""},"class_list":["post-704","page","type-page","status-publish","hentry"],"_links":{"self":[{"href":"https:\/\/www.azelot.fr\/index.php?rest_route=\/wp\/v2\/pages\/704","targetHints":{"allow":["GET"]}}],"collection":[{"href":"https:\/\/www.azelot.fr\/index.php?rest_route=\/wp\/v2\/pages"}],"about":[{"href":"https:\/\/www.azelot.fr\/index.php?rest_route=\/wp\/v2\/types\/page"}],"author":[{"embeddable":true,"href":"https:\/\/www.azelot.fr\/index.php?rest_route=\/wp\/v2\/users\/1"}],"replies":[{"embeddable":true,"href":"https:\/\/www.azelot.fr\/index.php?rest_route=%2Fwp%2Fv2%2Fcomments&post=704"}],"version-history":[{"count":2,"href":"https:\/\/www.azelot.fr\/index.php?rest_route=\/wp\/v2\/pages\/704\/revisions"}],"predecessor-version":[{"id":706,"href":"https:\/\/www.azelot.fr\/index.php?rest_route=\/wp\/v2\/pages\/704\/revisions\/706"}],"wp:attachment":[{"href":"https:\/\/www.azelot.fr\/index.php?rest_route=%2Fwp%2Fv2%2Fmedia&parent=704"}],"curies":[{"name":"wp","href":"https:\/\/api.w.org\/{rel}","templated":true}]}}