{"id":3110,"date":"2015-05-04T22:16:15","date_gmt":"2015-05-04T20:16:15","guid":{"rendered":"http:\/\/www.azelot.fr\/?page_id=3110"},"modified":"2015-06-08T14:46:09","modified_gmt":"2015-06-08T12:46:09","slug":"quipe-veterans","status":"publish","type":"page","link":"https:\/\/www.azelot.fr\/?page_id=3110","title":{"rendered":"&Eacute;quipe v\u00e9t\u00e9rans"},"content":{"rendered":"<div id=\"attachment_1305\" style=\"width: 594px\" class=\"wp-caption aligncenter\"><img loading=\"lazy\" decoding=\"async\" aria-describedby=\"caption-attachment-1305\" class=\"size-full wp-image-1305\" src=\"https:\/\/lupcourt.files.wordpress.com\/2015\/03\/veterans_juin_2014.jpg\" alt=\"Equipe v\u00e9t\u00e9rans - Inauguration des vestiaires - juin 2014\" width=\"584\" height=\"328\" \/><p id=\"caption-attachment-1305\" class=\"wp-caption-text\">\u00c9quipe v\u00e9t\u00e9rans &#8211; Inauguration des vestiaires &#8211; juin 2014<\/p><\/div>\n<p style=\"text-align: justify;\"><span style=\"text-decoration: underline; color: #3cadca;\"><strong><span style=\"text-decoration: underline;\">Classement final 2014\/2015<\/span><\/strong><\/span><span style=\"text-decoration: underline; color: #3cadca;\"><strong><span style=\"text-decoration: underline;\"><br \/>\n<\/span><\/strong><\/span><\/p>\n<table cellspacing=\"2\" cellpadding=\"2\">\n<tbody>\n<tr bgcolor=\"#c6c6c6\">\n<td style=\"vertical-align: middle; text-align: center;\"><strong>Pos<\/strong><\/td>\n<td style=\"vertical-align: middle; text-align: left;\"><strong>Equipe<\/strong><\/td>\n<td style=\"vertical-align: middle; text-align: center;\"><strong>Pts<\/strong><\/td>\n<td style=\"vertical-align: middle; text-align: center;\"><strong>J<\/strong><\/td>\n<td style=\"vertical-align: middle; text-align: center;\"><strong>G<\/strong><\/td>\n<td style=\"vertical-align: middle; text-align: center;\"><strong>N<\/strong><\/td>\n<td style=\"vertical-align: middle; text-align: center;\"><strong>P<\/strong><\/td>\n<td style=\"vertical-align: middle; text-align: center;\"><strong>Bp<\/strong><\/td>\n<td style=\"vertical-align: middle; text-align: center;\"><strong>Bc<\/strong><\/td>\n<td style=\"vertical-align: middle; text-align: center;\"><strong>Dif<\/strong><\/td>\n<\/tr>\n<\/tbody>\n<tbody>\n<tr>\n<td style=\"text-align: center;\">1<\/td>\n<td>Rosi\u00e8res<\/td>\n<td style=\"text-align: center;\"><span style=\"color: #ff0000;\">38<\/span><\/td>\n<td style=\"text-align: center;\"><span style=\"color: #3366ff;\">18<\/span><\/td>\n<td style=\"text-align: center;\">11<\/td>\n<td style=\"text-align: center;\">5<\/td>\n<td style=\"text-align: center;\">2<\/td>\n<td style=\"text-align: center;\">62<\/td>\n<td style=\"text-align: center;\">23<\/td>\n<td style=\"text-align: center;\">+39<\/td>\n<\/tr>\n<tr>\n<td style=\"text-align: center;\">2<\/td>\n<td>Sommerviller<\/td>\n<td style=\"text-align: center;\"><span style=\"color: #ff0000;\">37<\/span><\/td>\n<td style=\"text-align: center;\"><span style=\"color: #3366ff;\">18<\/span><\/td>\n<td style=\"text-align: center;\">12<\/td>\n<td style=\"text-align: center;\">1<\/td>\n<td style=\"text-align: center;\">5<\/td>\n<td style=\"text-align: center;\">44<\/td>\n<td style=\"text-align: center;\">27<\/td>\n<td style=\"text-align: center;\">+17<\/td>\n<\/tr>\n<tr>\n<td style=\"text-align: center;\">3<\/td>\n<td>Varang\u00e9ville St Nicolas<\/td>\n<td style=\"text-align: center;\"><span style=\"color: #ff0000;\">34<\/span><\/td>\n<td style=\"text-align: center;\"><span style=\"color: #3366ff;\">18<\/span><\/td>\n<td style=\"text-align: center;\">10<\/td>\n<td style=\"text-align: center;\">4<\/td>\n<td style=\"text-align: center;\">4<\/td>\n<td style=\"text-align: center;\">39<\/td>\n<td style=\"text-align: center;\">25<\/td>\n<td style=\"text-align: center;\">+14<\/td>\n<\/tr>\n<tr>\n<td style=\"text-align: center;\">4<\/td>\n<td>Laneuveville Marainviller<\/td>\n<td style=\"text-align: center;\"><span style=\"color: #ff0000;\">31<\/span><\/td>\n<td style=\"text-align: center;\"><span style=\"color: #3366ff;\">18<\/span><\/td>\n<td style=\"text-align: center;\">10<\/td>\n<td style=\"text-align: center;\">1<\/td>\n<td style=\"text-align: center;\">7<\/td>\n<td style=\"text-align: center;\">46<\/td>\n<td style=\"text-align: center;\">31<\/td>\n<td style=\"text-align: center;\">+15<\/td>\n<\/tr>\n<tr>\n<td style=\"text-align: center;\">5<\/td>\n<td>St Cl\u00e9ment<\/td>\n<td style=\"text-align: center;\"><span style=\"color: #ff0000;\">28<\/span><\/td>\n<td style=\"text-align: center;\"><span style=\"color: #3366ff;\">18<\/span><\/td>\n<td style=\"text-align: center;\">8<\/td>\n<td style=\"text-align: center;\">4<\/td>\n<td style=\"text-align: center;\">6<\/td>\n<td style=\"text-align: center;\">42<\/td>\n<td style=\"text-align: center;\">38<\/td>\n<td style=\"text-align: center;\">+4<\/td>\n<\/tr>\n<tr>\n<td style=\"text-align: center;\">6<\/td>\n<td>Blainville Damelevi\u00e8res<\/td>\n<td style=\"text-align: center;\"><span style=\"color: #ff0000;\">24<\/span><\/td>\n<td style=\"text-align: center;\"><span style=\"color: #3366ff;\">1<strong>8<\/strong><\/span><\/td>\n<td style=\"text-align: center;\">7<\/td>\n<td style=\"text-align: center;\">3<\/td>\n<td style=\"text-align: center;\">8<\/td>\n<td style=\"text-align: center;\">41<\/td>\n<td style=\"text-align: center;\">29<\/td>\n<td style=\"text-align: center;\">+12<\/td>\n<\/tr>\n<tr bgcolor=\"#ffed45\">\n<td style=\"text-align: center;\">7<\/td>\n<td><strong>ES VERMOIS<\/strong><\/td>\n<td style=\"text-align: center;\"><span style=\"color: #ff0000;\"><strong>23<\/strong><\/span><\/td>\n<td style=\"text-align: center;\"><span style=\"color: #3366ff;\"><strong>18<\/strong><\/span><\/td>\n<td style=\"text-align: center;\"><strong>7<\/strong><\/td>\n<td style=\"text-align: center;\"><strong>2<\/strong><\/td>\n<td style=\"text-align: center;\"><strong>9<\/strong><\/td>\n<td style=\"text-align: center;\"><strong>33<\/strong><\/td>\n<td style=\"text-align: center;\"><strong>33<\/strong><\/td>\n<td style=\"text-align: center;\"><strong>0<\/strong><\/td>\n<\/tr>\n<tr>\n<td style=\"text-align: center;\">8<\/td>\n<td>Baccarat<\/td>\n<td style=\"text-align: center;\"><span style=\"color: #ff0000;\">18<\/span><\/td>\n<td style=\"text-align: center;\"><span style=\"color: #3366ff;\">18<\/span><\/td>\n<td style=\"text-align: center;\">5<\/td>\n<td style=\"text-align: center;\">3<\/td>\n<td style=\"text-align: center;\">10<\/td>\n<td style=\"text-align: center;\">30<\/td>\n<td style=\"text-align: center;\">52<\/td>\n<td style=\"text-align: center;\">-22<\/td>\n<\/tr>\n<tr>\n<td style=\"text-align: center;\">9<\/td>\n<td>Lun\u00e9ville<\/td>\n<td style=\"text-align: center;\"><span style=\"color: #ff0000;\">13<\/span><\/td>\n<td style=\"text-align: center;\"><span style=\"color: #3366ff;\">18<\/span><\/td>\n<td style=\"text-align: center;\">4<\/td>\n<td style=\"text-align: center;\">1<\/td>\n<td style=\"text-align: center;\">13<\/td>\n<td style=\"text-align: center;\">23<\/td>\n<td style=\"text-align: center;\">48<\/td>\n<td style=\"text-align: center;\">-17<\/td>\n<\/tr>\n<tr>\n<td style=\"text-align: center;\">10<\/td>\n<td>Magni\u00e8res<\/td>\n<td style=\"text-align: center;\"><span style=\"color: #ff0000;\">11<\/span><\/td>\n<td style=\"text-align: center;\"><span style=\"color: #3366ff;\">18<\/span><\/td>\n<td style=\"text-align: center;\">1<\/td>\n<td style=\"text-align: center;\">2<\/td>\n<td style=\"text-align: center;\">13<\/td>\n<td style=\"text-align: center;\">26<\/td>\n<td style=\"text-align: center;\">88<\/td>\n<td style=\"text-align: center;\">-62<\/td>\n<\/tr>\n<\/tbody>\n<\/table>\n<p style=\"text-align: justify;\"><span style=\"text-decoration: underline; color: #3cadca;\"><strong><span style=\"text-decoration: underline;\">Calendrier et r\u00e9sultats &#8211; Saison 2014\/2015<\/span><\/strong><\/span><\/p>\n<table cellspacing=\"2\" cellpadding=\"2\">\n<tbody>\n<tr>\n<td style=\"vertical-align: middle; text-align: center;\"><span style=\"color: #cc99ff;\">17 mai<\/span><\/td>\n<td style=\"vertical-align: middle; text-align: right;\">Sommerviller<\/td>\n<td style=\"vertical-align: middle; text-align: center;\"><span style=\"color: #ff0000;\"><strong><span style=\"color: #008000;\">0 &#8211; 2<\/span><br \/>\n<\/strong><\/span><\/td>\n<td style=\"vertical-align: middle; text-align: left;\"><strong>ES Vermois<\/strong><\/td>\n<\/tr>\n<\/tbody>\n<tbody>\n<tr>\n<td style=\"vertical-align: middle; text-align: center;\"><span style=\"color: #cc99ff;\">10 mai<\/span><\/td>\n<td style=\"vertical-align: middle; text-align: right;\"><strong>ES Vermois<\/strong><\/td>\n<td style=\"vertical-align: middle; text-align: center;\"><span style=\"color: #ff0000;\"><strong><span style=\"color: #008000;\">5 &#8211; 4<\/span><br \/>\n<\/strong><\/span><\/td>\n<td style=\"vertical-align: middle; text-align: left;\">Baccarat<\/td>\n<\/tr>\n<\/tbody>\n<tbody>\n<tr>\n<td style=\"vertical-align: middle; text-align: center;\"><span style=\"color: #cc99ff;\">26 avril<\/span><\/td>\n<td style=\"vertical-align: middle; text-align: right;\">St-Cl\u00e9ment<\/td>\n<td style=\"vertical-align: middle; text-align: center;\"><span style=\"color: #ff0000;\"><strong><span style=\"color: #008000;\">1 &#8211; 2<\/span><br \/>\n<\/strong><\/span><\/td>\n<td style=\"vertical-align: middle; text-align: left;\"><strong>ES Vermois<\/strong><\/td>\n<\/tr>\n<\/tbody>\n<tbody>\n<tr>\n<td style=\"vertical-align: middle; text-align: center;\"><span style=\"color: #cc99ff;\">19 avril<br \/>\n<\/span><\/td>\n<td style=\"vertical-align: middle; text-align: right;\">Blainville Dam<strong>.<\/strong><\/td>\n<td style=\"vertical-align: middle; text-align: center;\"><span style=\"color: #ff0000;\"><strong>2 &#8211; 0<br \/>\n<\/strong><\/span><\/td>\n<td style=\"vertical-align: middle; text-align: left;\"><strong>ES Vermois<\/strong><\/td>\n<\/tr>\n<\/tbody>\n<tbody>\n<tr>\n<td style=\"vertical-align: middle; text-align: center;\"><span style=\"color: #cc99ff;\">29 mars<\/span><\/td>\n<td style=\"vertical-align: middle; text-align: right;\"><strong>ES Vermois<\/strong><\/td>\n<td style=\"vertical-align: middle; text-align: center;\"><span style=\"color: #ff0000;\"><strong><span style=\"color: #008000;\">3 &#8211; 0<\/span><br \/>\n<\/strong><\/span><\/td>\n<td style=\"vertical-align: middle; text-align: left;\">Lun\u00e9ville<\/td>\n<\/tr>\n<\/tbody>\n<tbody>\n<tr>\n<td style=\"vertical-align: middle; text-align: center;\"><span style=\"color: #cc99ff;\">22 mars<br \/>\n<\/span><\/td>\n<td style=\"vertical-align: middle; text-align: right;\">Rosi\u00e8res<\/td>\n<td style=\"vertical-align: middle; text-align: center;\"><span style=\"color: #ff0000;\"><strong>4 &#8211; 1<br \/>\n<\/strong><\/span><\/td>\n<td style=\"vertical-align: middle; text-align: left;\"><strong>ES Vermois<\/strong><\/td>\n<\/tr>\n<\/tbody>\n<tbody>\n<tr>\n<td style=\"vertical-align: middle; text-align: center;\"><span style=\"color: #cc99ff;\">15 mars<\/span><\/td>\n<td style=\"vertical-align: middle; text-align: right;\">Varang. St-Nic.<\/td>\n<td style=\"vertical-align: middle; text-align: center;\"><span style=\"color: #ff0000;\"><strong>1 &#8211; 0<\/strong><\/span><\/td>\n<td style=\"vertical-align: middle; text-align: left;\"><strong>ES Vermois<\/strong><\/td>\n<\/tr>\n<\/tbody>\n<tbody>\n<tr>\n<td style=\"vertical-align: middle; text-align: center;\"><span style=\"color: #cc99ff;\">01 mars<\/span><\/td>\n<td style=\"vertical-align: middle; text-align: right;\"><strong>ES Vermois<\/strong><\/td>\n<td style=\"vertical-align: middle; text-align: center;\"><span style=\"color: #008000;\"><strong>5 &#8211; 1<\/strong><\/span><\/td>\n<td style=\"vertical-align: middle; text-align: left;\">Laneuv. Marainv.<\/td>\n<\/tr>\n<\/tbody>\n<tbody>\n<tr>\n<td style=\"vertical-align: middle; text-align: center;\"><span style=\"color: #cc99ff;\">15 f\u00e9v.<\/span><\/td>\n<td style=\"vertical-align: middle; text-align: right;\"><strong>ES Vermois<\/strong><\/td>\n<td style=\"vertical-align: middle; text-align: center;\"><span style=\"color: #ff0000;\"><strong>3 &#8211; 4<\/strong><\/span><\/td>\n<td style=\"vertical-align: middle; text-align: left;\">Magni\u00e8res<\/td>\n<\/tr>\n<\/tbody>\n<tbody>\n<tr>\n<td style=\"vertical-align: middle; text-align: center;\"><span style=\"color: #cc99ff;\">30 nov.<\/span><\/td>\n<td style=\"vertical-align: middle; text-align: right;\">Baccarat<\/td>\n<td style=\"vertical-align: middle; text-align: center;\"><span style=\"color: #ff0000;\"><strong>2 &#8211; 1<\/strong><\/span><\/td>\n<td style=\"vertical-align: middle; text-align: left;\"><strong>ES Vermois<\/strong><\/td>\n<\/tr>\n<\/tbody>\n<tbody>\n<tr>\n<td style=\"vertical-align: middle; text-align: center;\"><span style=\"color: #cc99ff;\">23 nov.<\/span><\/td>\n<td style=\"vertical-align: middle; text-align: right;\"><strong>ES Vermois<\/strong><\/td>\n<td style=\"vertical-align: middle; text-align: center;\"><span style=\"color: #ff9900;\"><strong>2 &#8211; 2<\/strong><\/span><\/td>\n<td style=\"vertical-align: middle; text-align: left;\">St-Cl\u00e9ment<\/td>\n<\/tr>\n<\/tbody>\n<tbody>\n<tr>\n<td style=\"vertical-align: middle; text-align: center;\"><span style=\"color: #cc99ff;\">09 nov.<\/span><\/td>\n<td style=\"vertical-align: middle; text-align: right;\"><strong>ES Vermois<\/strong><\/td>\n<td style=\"vertical-align: middle; text-align: center;\"><span style=\"color: #ff0000;\"><strong><span style=\"color: #ff9900;\">1 &#8211; 1<\/span><br \/>\n<\/strong><\/span><\/td>\n<td style=\"vertical-align: middle; text-align: left;\">Blainville-Dam.<\/td>\n<\/tr>\n<\/tbody>\n<tbody>\n<tr>\n<td style=\"vertical-align: middle; text-align: center;\"><span style=\"color: #cc99ff;\">02 nov.<\/span><\/td>\n<td style=\"vertical-align: middle; text-align: right;\">Lun\u00e9ville<\/td>\n<td style=\"vertical-align: middle; text-align: center;\"><span style=\"color: #339966;\"><strong>2 &#8211; 3<\/strong><\/span><\/td>\n<td style=\"vertical-align: middle; text-align: left;\"><strong>ES Vermois<\/strong><\/td>\n<\/tr>\n<\/tbody>\n<tbody>\n<tr>\n<td style=\"vertical-align: middle; text-align: center;\"><span style=\"color: #cc99ff;\">26 oct.<\/span><\/td>\n<td style=\"vertical-align: middle; text-align: right;\"><strong>ES Vermois<\/strong><\/td>\n<td style=\"vertical-align: middle; text-align: center;\"><span style=\"color: #ff0000;\"><strong>1 &#8211; 2<\/strong><\/span><\/td>\n<td style=\"vertical-align: middle; text-align: left;\">Varang. St-Nic.<\/td>\n<\/tr>\n<\/tbody>\n<tbody>\n<tr>\n<td style=\"vertical-align: middle; text-align: center;\"><span style=\"color: #cc99ff;\">19 oct.<\/span><\/td>\n<td style=\"vertical-align: middle; text-align: right;\">Laneuv.-Marainv.<\/td>\n<td style=\"vertical-align: middle; text-align: center;\"><span style=\"color: #ff0000;\"><strong>2 &#8211; 0<\/strong><\/span><\/td>\n<td style=\"vertical-align: middle; text-align: left;\"><strong>ES Vermois<\/strong><\/td>\n<\/tr>\n<\/tbody>\n<tbody>\n<tr>\n<td style=\"vertical-align: middle; text-align: center;\"><span style=\"color: #cc99ff;\">05 oct.<\/span><\/td>\n<td style=\"vertical-align: middle; text-align: right;\"><strong>ES Vermois<\/strong><\/td>\n<td style=\"vertical-align: middle; text-align: center;\"><span style=\"color: #ff0000;\"><strong>0 &#8211; 2<\/strong><\/span><\/td>\n<td style=\"vertical-align: middle; text-align: left;\">Rosi\u00e8res<\/td>\n<\/tr>\n<\/tbody>\n<tbody>\n<tr>\n<td style=\"vertical-align: middle; text-align: center;\"><span style=\"color: #cc99ff;\">21 sept.<\/span><\/td>\n<td style=\"vertical-align: middle; text-align: right;\">Magni\u00e8res<\/td>\n<td style=\"vertical-align: middle; text-align: center;\"><span style=\"color: #008000;\"><strong>1 &#8211; 3<\/strong><\/span><\/td>\n<td style=\"vertical-align: middle; text-align: left;\"><strong>ES Vermois<\/strong><\/td>\n<\/tr>\n<\/tbody>\n<tbody>\n<tr>\n<td style=\"vertical-align: middle; text-align: center;\"><span style=\"color: #cc99ff;\">07 sept.<\/span><\/td>\n<td style=\"vertical-align: middle; text-align: right;\"><strong>ES Vermois<\/strong><\/td>\n<td style=\"vertical-align: middle; text-align: center;\"><span style=\"color: #ff0000;\"><strong>1 &#8211; 2<\/strong><\/span><\/td>\n<td style=\"vertical-align: middle; text-align: left;\">Sommerviller<\/td>\n<\/tr>\n<\/tbody>\n<\/table>\n<p><span style=\"text-decoration: underline;\"><strong>Buteurs :<\/strong><\/span><\/p>\n<ul>\n<li><span style=\"color: #0000ff;\"><strong>7 buts : <\/strong><\/span><span style=\"color: #000000;\">Hakan,<\/span><\/li>\n<li><span style=\"color: #3366ff;\"><span style=\"color: #000000;\"><span style=\"color: #0000ff;\"><strong>5 buts : <\/strong><\/span>S\u00e9bastien,<\/span><\/span><\/li>\n<li><span style=\"color: #3366ff;\"><span style=\"color: #000000;\"><span style=\"color: #3366ff;\"><strong><span style=\"color: #0000ff;\">4 buts :<\/span> <\/strong><\/span>Laurent D.,<br \/>\n<\/span><\/span><\/li>\n<li><span style=\"color: #0000ff;\"><strong>3 buts : <\/strong><\/span><span style=\"color: #000000;\">Cyrille, Jean-No\u00ebl,<br \/>\n<\/span><\/li>\n<li><span style=\"color: #0000ff;\"><strong>2 buts : <\/strong><\/span>J\u00e9r\u00f4me, Laurent J., Loulou,<\/li>\n<li><span style=\"color: #0000ff;\"><strong>1 but : <\/strong><\/span>Arnauld, Bruno, Jean-Baptiste, St\u00e9phane, Vincent.<\/li>\n<\/ul>\n","protected":false},"excerpt":{"rendered":"<p>Classement final 2014\/2015 Pos Equipe Pts J G N P Bp Bc Dif 1 Rosi\u00e8res 38 18 11 5 2 62 23 +39 2 Sommerviller 37 18 12 1 5 44 27 +17 3 Varang\u00e9ville St Nicolas 34 18 10&#8230;<br \/><a class=\"read-more-button\" href=\"https:\/\/www.azelot.fr\/?page_id=3110\">Savoir plus<\/a><\/p>\n","protected":false},"author":13,"featured_media":0,"parent":3108,"menu_order":1,"comment_status":"open","ping_status":"closed","template":"","meta":{"footnotes":""},"class_list":["post-3110","page","type-page","status-publish","hentry"],"_links":{"self":[{"href":"https:\/\/www.azelot.fr\/index.php?rest_route=\/wp\/v2\/pages\/3110","targetHints":{"allow":["GET"]}}],"collection":[{"href":"https:\/\/www.azelot.fr\/index.php?rest_route=\/wp\/v2\/pages"}],"about":[{"href":"https:\/\/www.azelot.fr\/index.php?rest_route=\/wp\/v2\/types\/page"}],"author":[{"embeddable":true,"href":"https:\/\/www.azelot.fr\/index.php?rest_route=\/wp\/v2\/users\/13"}],"replies":[{"embeddable":true,"href":"https:\/\/www.azelot.fr\/index.php?rest_route=%2Fwp%2Fv2%2Fcomments&post=3110"}],"version-history":[{"count":4,"href":"https:\/\/www.azelot.fr\/index.php?rest_route=\/wp\/v2\/pages\/3110\/revisions"}],"predecessor-version":[{"id":3201,"href":"https:\/\/www.azelot.fr\/index.php?rest_route=\/wp\/v2\/pages\/3110\/revisions\/3201"}],"up":[{"embeddable":true,"href":"https:\/\/www.azelot.fr\/index.php?rest_route=\/wp\/v2\/pages\/3108"}],"wp:attachment":[{"href":"https:\/\/www.azelot.fr\/index.php?rest_route=%2Fwp%2Fv2%2Fmedia&parent=3110"}],"curies":[{"name":"wp","href":"https:\/\/api.w.org\/{rel}","templated":true}]}}